{"id":1230,"date":"2017-09-07T16:11:29","date_gmt":"2017-09-07T14:11:29","guid":{"rendered":"http:\/\/ffgleo.de\/wp\/?page_id=1230"},"modified":"2019-10-30T09:10:15","modified_gmt":"2019-10-30T08:10:15","slug":"felix-fechenbach","status":"publish","type":"page","link":"https:\/\/ffgleo.de\/wp\/?page_id=1230","title":{"rendered":"Felix Fechenbach"},"content":{"rendered":"<p><img loading=\"lazy\" decoding=\"async\" class=\"aligncenter wp-image-1238 size-full\" src=\"https:\/\/ffgleo.de\/wp\/wp-content\/uploads\/2017\/09\/FelixFechenbach1.gif\" alt=\"\" width=\"462\" height=\"348\" \/><\/p>\n<p>Die Felix-Fechenbach-Gesamtschule umfasst die Sekundarstufe I und II und hat einen Ganztagsbetrieb. An der Schule lernen ca. 1100 Sch\u00fcler\/innen und ca. 100 Lehrkr\u00e4fte unterrichten hier.<\/p>\n<p>Am 11. November 1989 erhielt die Schule in einer Feierstunde offiziell den Namen &#8222;Felix-Fechenbach-Gesamtschule Leopoldsh\u00f6he&#8220;. Damit wird sowohl der journalistische Mut von Felix Fechenbach, der bis zuletzt versuchte die Macht\u00fcbernahme der Nationalsozialisten zu verhindern, wie auch sein pers\u00f6nliches Engagement f\u00fcr Demokratie, Freiheit und soziale Gerechtigkeit geehrt.<\/p>\n<p>Dieser Name bedeutet nicht nur Gedenken an einen aufrechten Demokraten, der als Journalist einer lippischen Tageszeitung mutig den Nationalsozialisten Paroli bot, ihre Absichten entlarvte und daf\u00fcr bereits im August 1933 sein Leben lassen musste. Der Name ist Programm f\u00fcr die schulische Arbeit geworden.<\/p>\n<p>F\u00fcr die Schule bedeutet dies eine st\u00e4ndige Herausforderung, sich mit diesen Zielen zu identifizieren. Die Sch\u00fcler sollen lernen, sich mit anderen Meinungen auseinanderzusetzen, Minderheiten zu tolerieren und Fremde zu integrieren.<\/p>\n<h4>Lebenslauf<img loading=\"lazy\" decoding=\"async\" class=\"alignright size-full wp-image-1237\" src=\"https:\/\/ffgleo.de\/wp\/wp-content\/uploads\/2017\/09\/fechbach2.gif\" alt=\"\" width=\"150\" height=\"192\" \/><\/h4>\n<ul>\n<li>Am 28.1.1894 in Mergentheim geboren<\/li>\n<li>Kindheit in W\u00fcrzburg<\/li>\n<li>Arbeit in Frankfurt, Entlassung wegen Streikteilnahme<\/li>\n<li>Soldat im Ersten Weltkrieg<\/li>\n<li>Mitarbeit in der bayrischen Revolution; Verurteilung wegen &#8222;Landesverrats&#8220;<\/li>\n<li>Haft im Zuchthaus Ebracht<\/li>\n<li>Verlagsredakteur in Berlin<\/li>\n<li>Redakteur beim &#8222;Volksblatt&#8220; in Detmold<\/li>\n<li>&#8222;Auf der Flucht erschossen&#8220; am 7.8.1933<\/li>\n<li>Eines der ersten Opfer der Nazis<\/li>\n<\/ul>\n<h4>Die Detmolder Zeit 1929 &#8211; 1933<img loading=\"lazy\" decoding=\"async\" class=\"alignright size-full wp-image-1236\" src=\"https:\/\/ffgleo.de\/wp\/wp-content\/uploads\/2017\/09\/detmold.gif\" alt=\"\" width=\"150\" height=\"97\" \/><\/h4>\n<p>W\u00e4hrend seiner Detmolder Zeit arbeitet er als Redakteur beim &#8222;Volksblatt&#8220;, f\u00fcr das er gut verst\u00e4ndliche Leitartikel schreibt. Dabei zieht er den Zorn der Nazis auf sich, denn er erfindet die Figur des &#8222;Nazi-J\u00fcsken&#8220; und plaudert \u00fcber ihn Interna der NSDAP aus.<\/p>\n<h4>Seine Werke<img loading=\"lazy\" decoding=\"async\" class=\"alignright size-full wp-image-1234\" src=\"https:\/\/ffgleo.de\/wp\/wp-content\/uploads\/2017\/09\/nazijuesken.gif\" alt=\"\" width=\"150\" height=\"125\" \/><\/h4>\n<p>Nazi-J\u00fcsken erz\u00e4hlt&#8230;Unter dem Namen &#8222;Nazi-J\u00fcsken erz\u00e4hlt&#8230;&#8220; ver\u00f6ffentlichte Fechenbach geheime Absprachen und parteiinterne Dinge der NSDAP. Ganz Lippe lachte \u00fcber diese Geschichten und die Partei zerbrach sich den Kopf dar\u00fcber, wer Fechenbach mit Informationen versorgte, da diese stets zutreffend waren.<\/p>\n<p>Au\u00dferdem schreibt er eine Reihe von Erz\u00e4hlungen, Fabeln und Kindergeschichten:<br \/>\n&#8211; der Puppenspieler,<br \/>\n&#8211; Kasperl und der Polizist,<br \/>\n&#8211; Genossen Kasperle,<br \/>\n&#8211; Wie Kasperl ins Zeltlager kommt.<\/p>\n<h4>&#8222;Auf der Flucht erschossen&#8220;<img loading=\"lazy\" decoding=\"async\" class=\"alignright size-full wp-image-1233\" src=\"https:\/\/ffgleo.de\/wp\/wp-content\/uploads\/2017\/09\/gedenkstein.gif\" alt=\"\" width=\"150\" height=\"208\" \/><\/h4>\n<p>Nach der lippischen Landtagswahl wurde ihm von den Nazis Redeverbot erteilt; am 11. M\u00e4rz 1933 wurde er festgenommen und in so genannte Schutzhaft \u00fcberf\u00fchrt.<\/p>\n<p>Auf dem Transport in das KZ Dachau wurde Felix Fechenbach am 7. August in der N\u00e4he von Scherfede im Kleinenberger Wald zwischen Detmold und Warburg &#8222;auf der Flucht erschossen&#8220;.<\/p>\n<p>Felix Fechenbach wurde 39 Jahre alt.<\/p>\n<p>Bilder von Felix Fechenbach finden Sie auf den Seiten der <a href=\"http:\/\/www.juedischeliteraturwestfalen.de\/index.php?vArticle=11&amp;valex=101&amp;author_id=00000093&amp;id=1\">J\u00fcdischen Literatur Westfalens<\/a>.<\/p>\n<p>Weitere Informationen zur Person gibt es bei <a href=\"https:\/\/de.wikipedia.org\/wiki\/Felix_Fechenbach\">Wikipedia<\/a>.<\/p>\n","protected":false},"excerpt":{"rendered":"<p>Die Felix-Fechenbach-Gesamtschule umfasst die Sekundarstufe I und II und hat einen Ganztagsbetrieb. An der Schule lernen ca. 1100 Sch\u00fcler\/innen und ca. 100 Lehrkr\u00e4fte unterrichten hier. Am 11. November 1989 erhielt die Schule in einer Feierstunde offiziell den Namen &#8222;Felix-Fechenbach-Gesamtschule Leopoldsh\u00f6he&#8220;. Damit wird sowohl der journalistische Mut von Felix Fechenbach, der &hellip;<\/p>\n","protected":false},"author":3,"featured_media":0,"parent":2,"menu_order":0,"comment_status":"closed","ping_status":"closed","template":"","meta":{"footnotes":""},"class_list":["post-1230","page","type-page","status-publish","hentry"],"_links":{"self":[{"href":"https:\/\/ffgleo.de\/wp\/index.php?rest_route=\/wp\/v2\/pages\/1230","targetHints":{"allow":["GET"]}}],"collection":[{"href":"https:\/\/ffgleo.de\/wp\/index.php?rest_route=\/wp\/v2\/pages"}],"about":[{"href":"https:\/\/ffgleo.de\/wp\/index.php?rest_route=\/wp\/v2\/types\/page"}],"author":[{"embeddable":true,"href":"https:\/\/ffgleo.de\/wp\/index.php?rest_route=\/wp\/v2\/users\/3"}],"replies":[{"embeddable":true,"href":"https:\/\/ffgleo.de\/wp\/index.php?rest_route=%2Fwp%2Fv2%2Fcomments&post=1230"}],"version-history":[{"count":12,"href":"https:\/\/ffgleo.de\/wp\/index.php?rest_route=\/wp\/v2\/pages\/1230\/revisions"}],"predecessor-version":[{"id":5495,"href":"https:\/\/ffgleo.de\/wp\/index.php?rest_route=\/wp\/v2\/pages\/1230\/revisions\/5495"}],"up":[{"embeddable":true,"href":"https:\/\/ffgleo.de\/wp\/index.php?rest_route=\/wp\/v2\/pages\/2"}],"wp:attachment":[{"href":"https:\/\/ffgleo.de\/wp\/index.php?rest_route=%2Fwp%2Fv2%2Fmedia&parent=1230"}],"curies":[{"name":"wp","href":"https:\/\/api.w.org\/{rel}","templated":true}]}}

<p><img loading="lazy" decoding="async" class="aligncenter wp-image-1238 size-full" src="https://ffgleo.de/wp/wp-content/uploads/2017/09/FelixFechenbach1.gif" alt="" width="462" height="348" /></p>
<p>Die Felix-Fechenbach-Gesamtschule umfasst die Sekundarstufe I und II und hat einen Ganztagsbetrieb. An der Schule lernen ca. 1100 Schüler/innen und ca. 100 Lehrkräfte unterrichten hier.</p>
<p>Am 11. November 1989 erhielt die Schule in einer Feierstunde offiziell den Namen &#8222;Felix-Fechenbach-Gesamtschule Leopoldshöhe&#8220;. Damit wird sowohl der journalistische Mut von Felix Fechenbach, der bis zuletzt versuchte die Machtübernahme der Nationalsozialisten zu verhindern, wie auch sein persönliches Engagement für Demokratie, Freiheit und soziale Gerechtigkeit geehrt.</p>
<p>Dieser Name bedeutet nicht nur Gedenken an einen aufrechten Demokraten, der als Journalist einer lippischen Tageszeitung mutig den Nationalsozialisten Paroli bot, ihre Absichten entlarvte und dafür bereits im August 1933 sein Leben lassen musste. Der Name ist Programm für die schulische Arbeit geworden.</p>
<p>Für die Schule bedeutet dies eine ständige Herausforderung, sich mit diesen Zielen zu identifizieren. Die Schüler sollen lernen, sich mit anderen Meinungen auseinanderzusetzen, Minderheiten zu tolerieren und Fremde zu integrieren.</p>
<h4>Lebenslauf<img loading="lazy" decoding="async" class="alignright size-full wp-image-1237" src="https://ffgleo.de/wp/wp-content/uploads/2017/09/fechbach2.gif" alt="" width="150" height="192" /></h4>
<ul>
<li>Am 28.1.1894 in Mergentheim geboren</li>
<li>Kindheit in Würzburg</li>
<li>Arbeit in Frankfurt, Entlassung wegen Streikteilnahme</li>
<li>Soldat im Ersten Weltkrieg</li>
<li>Mitarbeit in der bayrischen Revolution; Verurteilung wegen &#8222;Landesverrats&#8220;</li>
<li>Haft im Zuchthaus Ebracht</li>
<li>Verlagsredakteur in Berlin</li>
<li>Redakteur beim &#8222;Volksblatt&#8220; in Detmold</li>
<li>&#8222;Auf der Flucht erschossen&#8220; am 7.8.1933</li>
<li>Eines der ersten Opfer der Nazis</li>
</ul>
<h4>Die Detmolder Zeit 1929 &#8211; 1933<img loading="lazy" decoding="async" class="alignright size-full wp-image-1236" src="https://ffgleo.de/wp/wp-content/uploads/2017/09/detmold.gif" alt="" width="150" height="97" /></h4>
<p>Während seiner Detmolder Zeit arbeitet er als Redakteur beim &#8222;Volksblatt&#8220;, für das er gut verständliche Leitartikel schreibt. Dabei zieht er den Zorn der Nazis auf sich, denn er erfindet die Figur des &#8222;Nazi-Jüsken&#8220; und plaudert über ihn Interna der NSDAP aus.</p>
<h4>Seine Werke<img loading="lazy" decoding="async" class="alignright size-full wp-image-1234" src="https://ffgleo.de/wp/wp-content/uploads/2017/09/nazijuesken.gif" alt="" width="150" height="125" /></h4>
<p>Nazi-Jüsken erzählt&#8230;Unter dem Namen &#8222;Nazi-Jüsken erzählt&#8230;&#8220; veröffentlichte Fechenbach geheime Absprachen und parteiinterne Dinge der NSDAP. Ganz Lippe lachte über diese Geschichten und die Partei zerbrach sich den Kopf darüber, wer Fechenbach mit Informationen versorgte, da diese stets zutreffend waren.</p>
<p>Außerdem schreibt er eine Reihe von Erzählungen, Fabeln und Kindergeschichten:<br />
&#8211; der Puppenspieler,<br />
&#8211; Kasperl und der Polizist,<br />
&#8211; Genossen Kasperle,<br />
&#8211; Wie Kasperl ins Zeltlager kommt.</p>
<h4>&#8222;Auf der Flucht erschossen&#8220;<img loading="lazy" decoding="async" class="alignright size-full wp-image-1233" src="https://ffgleo.de/wp/wp-content/uploads/2017/09/gedenkstein.gif" alt="" width="150" height="208" /></h4>
<p>Nach der lippischen Landtagswahl wurde ihm von den Nazis Redeverbot erteilt; am 11. März 1933 wurde er festgenommen und in so genannte Schutzhaft überführt.</p>
<p>Auf dem Transport in das KZ Dachau wurde Felix Fechenbach am 7. August in der Nähe von Scherfede im Kleinenberger Wald zwischen Detmold und Warburg &#8222;auf der Flucht erschossen&#8220;.</p>
<p>Felix Fechenbach wurde 39 Jahre alt.</p>
<p>Bilder von Felix Fechenbach finden Sie auf den Seiten der <a href="http://www.juedischeliteraturwestfalen.de/index.php?vArticle=11&amp;valex=101&amp;author_id=00000093&amp;id=1">Jüdischen Literatur Westfalens</a>.</p>
<p>Weitere Informationen zur Person gibt es bei <a href="https://de.wikipedia.org/wiki/Felix_Fechenbach">Wikipedia</a>.</p>

<p>Die Felix-Fechenbach-Gesamtschule umfasst die Sekundarstufe I und II und hat einen Ganztagsbetrieb. An der Schule lernen ca. 1100 Schüler/innen und ca. 100 Lehrkräfte unterrichten hier. Am 11. November 1989 erhielt die Schule in einer Feierstunde offiziell den Namen &#8222;Felix-Fechenbach-Gesamtschule Leopoldshöhe&#8220;. Damit wird sowohl der journalistische Mut von Felix Fechenbach, der &hellip;</p>
