{"id":1262,"date":"2017-09-07T16:35:55","date_gmt":"2017-09-07T14:35:55","guid":{"rendered":"http:\/\/ffgleo.de\/wp\/?page_id=1262"},"modified":"2020-04-01T20:06:24","modified_gmt":"2020-04-01T18:06:24","slug":"schulprogramm-sekundarstufe-ii","status":"publish","type":"page","link":"https:\/\/ffgleo.de\/wp\/?page_id=1262","title":{"rendered":"Sekundarstufe II"},"content":{"rendered":"<p><strong>Schulprogramm der Sekundarstufe II der Felix-Fechenbach-Gesamtschule Leopoldsh\u00f6he (Stand: Januar 2020)<\/strong><\/p>\n<p>Die sieben thematischen Schwerpunkte des Schulprogramms<\/p>\n<ul>\n<li>Felix Fechenbach \u2013 Demokratie lernen und gestalten<\/li>\n<li>Gemeinsames Leben und Lernen lernen<\/li>\n<li>Fremden und Fremdem begegnen<\/li>\n<li>Pers\u00f6nliche Zukunft planen und gestalten<\/li>\n<li>Umwelt sch\u00fctzen und gestalten<\/li>\n<li>Gesundheit sch\u00e4tzen und f\u00f6rdern<\/li>\n<li>Kulturelle Bildung entwickeln und f\u00f6rdern<\/li>\n<\/ul>\n<p>werden in der <strong>Sekundarstufe II<\/strong> in verschiedenen F\u00e4chern und au\u00dferunterrichtlichen Vorhaben aufgegriffen und weiter vertieft. Bei der konkreten Ausgestaltung und f\u00e4cher\u00fcbergreifenden Abstimmung der schulinternen Fachcurricula werden sie in entsprechender Weise ber\u00fccksichtigt. Dadurch erfahren die Sch\u00fcler ein St\u00fcck Kontinuit\u00e4t bei gleichzeitiger Ver\u00e4nderung durch das spezifische Profil der gymnasialen Oberstufe. Neben der fachspezifischen unterrichtlichen Arbeit findet das Lernen in der Oberstufe auch in vielf\u00e4ltigen, f\u00e4cher\u00fcbergreifenden, au\u00dferunterrichtlichen und au\u00dferschulischen Kontexten statt, die alle eine Gemeinsamkeit haben: <strong>unser Ziel hei\u00dft Zukunftsf\u00e4higkeit!<\/strong> Die einzelnen Aspekte werden im Folgenden dargestellt.<\/p>\n<h4>A. <a href=\"https:\/\/ffgleo.de\/wp\/?page_id=1316\">Lernen in Projekten zur pers\u00f6nlichen Orientierung<\/a><\/h4>\n<ol>\n<li>\u00dcbergang in die Sekundarstufe II<\/li>\n<li>Besinnungstage<\/li>\n<li>Rhetorik- und Kommunikationstrainung<\/li>\n<li>Berufsorientierungsprojekt (BOP)<\/li>\n<li>Bewerbungstraining<\/li>\n<\/ol>\n<h4>B. <a href=\"https:\/\/ffgleo.de\/wp\/?page_id=1318\">Lernen in wissenschaftsprop\u00e4deutischer Perspektive<\/a><\/h4>\n<ol>\n<li><a href=\"https:\/\/ffgleo.de\/wp\/?page_id=1956\">Methodentraining<\/a><\/li>\n<li>Digital lernen &#8211; eigenverantwortliches Lernen<\/li>\n<li>Vorbereitung der Facharbeit<\/li>\n<li>Lernen in Projektkursen<\/li>\n<li>F\u00e4cher- und jahrgangs\u00fcbergreifende Projekte: Studientage\/Projekttage<\/li>\n<\/ol>\n<h4>C. <a href=\"https:\/\/ffgleo.de\/wp\/?page_id=1320\">Lernen auf Studienfahrten, Exkursionen und Unterrichtsg\u00e4ngen<\/a><\/h4>\n<ol>\n<li>Studienfahrt<\/li>\n<li>Exkursionen<\/li>\n<li>Austauschprogramm nach Lettland<\/li>\n<li>Exkursion nach Frankreich<\/li>\n<li>Wintersportexkursion<\/li>\n<li>Kooperation mit Sielemanns Hof<\/li>\n<li>Unterrichtsg\u00e4nge<\/li>\n<\/ol>\n","protected":false},"excerpt":{"rendered":"<p>Schulprogramm der Sekundarstufe II der Felix-Fechenbach-Gesamtschule Leopoldsh\u00f6he (Stand: Januar 2020) Die sieben thematischen Schwerpunkte des Schulprogramms Felix Fechenbach \u2013 Demokratie lernen und gestalten Gemeinsames Leben und Lernen lernen Fremden und Fremdem begegnen Pers\u00f6nliche Zukunft planen und gestalten Umwelt sch\u00fctzen und gestalten Gesundheit sch\u00e4tzen und f\u00f6rdern Kulturelle Bildung entwickeln und f\u00f6rdern &hellip;<\/p>\n","protected":false},"author":3,"featured_media":0,"parent":1200,"menu_order":0,"comment_status":"closed","ping_status":"closed","template":"","meta":{"footnotes":""},"class_list":["post-1262","page","type-page","status-publish","hentry"],"_links":{"self":[{"href":"https:\/\/ffgleo.de\/wp\/index.php?rest_route=\/wp\/v2\/pages\/1262","targetHints":{"allow":["GET"]}}],"collection":[{"href":"https:\/\/ffgleo.de\/wp\/index.php?rest_route=\/wp\/v2\/pages"}],"about":[{"href":"https:\/\/ffgleo.de\/wp\/index.php?rest_route=\/wp\/v2\/types\/page"}],"author":[{"embeddable":true,"href":"https:\/\/ffgleo.de\/wp\/index.php?rest_route=\/wp\/v2\/users\/3"}],"replies":[{"embeddable":true,"href":"https:\/\/ffgleo.de\/wp\/index.php?rest_route=%2Fwp%2Fv2%2Fcomments&post=1262"}],"version-history":[{"count":11,"href":"https:\/\/ffgleo.de\/wp\/index.php?rest_route=\/wp\/v2\/pages\/1262\/revisions"}],"predecessor-version":[{"id":6043,"href":"https:\/\/ffgleo.de\/wp\/index.php?rest_route=\/wp\/v2\/pages\/1262\/revisions\/6043"}],"up":[{"embeddable":true,"href":"https:\/\/ffgleo.de\/wp\/index.php?rest_route=\/wp\/v2\/pages\/1200"}],"wp:attachment":[{"href":"https:\/\/ffgleo.de\/wp\/index.php?rest_route=%2Fwp%2Fv2%2Fmedia&parent=1262"}],"curies":[{"name":"wp","href":"https:\/\/api.w.org\/{rel}","templated":true}]}}

<p><strong>Schulprogramm der Sekundarstufe II der Felix-Fechenbach-Gesamtschule Leopoldshöhe (Stand: Januar 2020)</strong></p>
<p>Die sieben thematischen Schwerpunkte des Schulprogramms</p>
<ul>
<li>Felix Fechenbach – Demokratie lernen und gestalten</li>
<li>Gemeinsames Leben und Lernen lernen</li>
<li>Fremden und Fremdem begegnen</li>
<li>Persönliche Zukunft planen und gestalten</li>
<li>Umwelt schützen und gestalten</li>
<li>Gesundheit schätzen und fördern</li>
<li>Kulturelle Bildung entwickeln und fördern</li>
</ul>
<p>werden in der <strong>Sekundarstufe II</strong> in verschiedenen Fächern und außerunterrichtlichen Vorhaben aufgegriffen und weiter vertieft. Bei der konkreten Ausgestaltung und fächerübergreifenden Abstimmung der schulinternen Fachcurricula werden sie in entsprechender Weise berücksichtigt. Dadurch erfahren die Schüler ein Stück Kontinuität bei gleichzeitiger Veränderung durch das spezifische Profil der gymnasialen Oberstufe. Neben der fachspezifischen unterrichtlichen Arbeit findet das Lernen in der Oberstufe auch in vielfältigen, fächerübergreifenden, außerunterrichtlichen und außerschulischen Kontexten statt, die alle eine Gemeinsamkeit haben: <strong>unser Ziel heißt Zukunftsfähigkeit!</strong> Die einzelnen Aspekte werden im Folgenden dargestellt.</p>
<h4>A. <a href="https://ffgleo.de/wp/?page_id=1316">Lernen in Projekten zur persönlichen Orientierung</a></h4>
<ol>
<li>Übergang in die Sekundarstufe II</li>
<li>Besinnungstage</li>
<li>Rhetorik- und Kommunikationstrainung</li>
<li>Berufsorientierungsprojekt (BOP)</li>
<li>Bewerbungstraining</li>
</ol>
<h4>B. <a href="https://ffgleo.de/wp/?page_id=1318">Lernen in wissenschaftspropädeutischer Perspektive</a></h4>
<ol>
<li><a href="https://ffgleo.de/wp/?page_id=1956">Methodentraining</a></li>
<li>Digital lernen &#8211; eigenverantwortliches Lernen</li>
<li>Vorbereitung der Facharbeit</li>
<li>Lernen in Projektkursen</li>
<li>Fächer- und jahrgangsübergreifende Projekte: Studientage/Projekttage</li>
</ol>
<h4>C. <a href="https://ffgleo.de/wp/?page_id=1320">Lernen auf Studienfahrten, Exkursionen und Unterrichtsgängen</a></h4>
<ol>
<li>Studienfahrt</li>
<li>Exkursionen</li>
<li>Austauschprogramm nach Lettland</li>
<li>Exkursion nach Frankreich</li>
<li>Wintersportexkursion</li>
<li>Kooperation mit Sielemanns Hof</li>
<li>Unterrichtsgänge</li>
</ol>

<p>Schulprogramm der Sekundarstufe II der Felix-Fechenbach-Gesamtschule Leopoldshöhe (Stand: Januar 2020) Die sieben thematischen Schwerpunkte des Schulprogramms Felix Fechenbach – Demokratie lernen und gestalten Gemeinsames Leben und Lernen lernen Fremden und Fremdem begegnen Persönliche Zukunft planen und gestalten Umwelt schützen und gestalten Gesundheit schätzen und fördern Kulturelle Bildung entwickeln und fördern &hellip;</p>
