{"id":1297,"date":"2017-09-07T17:12:36","date_gmt":"2017-09-07T15:12:36","guid":{"rendered":"http:\/\/ffgleo.de\/wp\/?page_id=1297"},"modified":"2020-04-04T18:01:21","modified_gmt":"2020-04-04T16:01:21","slug":"kulturelle-bildung-entwickeln-und-foerdern","status":"publish","type":"page","link":"https:\/\/ffgleo.de\/wp\/?page_id=1297","title":{"rendered":"Kulturelle Bildung entwickeln und f\u00f6rdern"},"content":{"rendered":"<p>An der Felix-Fechenbach-Gesamtschule findet kulturelle Bildung demnach nicht nur als Unterst\u00fctzung der Pers\u00f6nlichkeitsentwicklung statt, sondern erf\u00fcllt die folgenden drei Funktionen:<\/p>\n<p><strong>Kulturelle und soziale Vielfalt unterst\u00fctzen, die eigene Pers\u00f6nlichkeit entwickeln<\/strong><\/p>\n<p>Kulturelle Bildung f\u00f6rdert die Begegnung mit Menschen unterschiedlicher Herkunft und unterschiedlichen Ideen. Bei den Sch\u00fclerinnen und Sch\u00fclern unserer Schule soll durch diese Begegnungen Toleranz und Akzeptanz geschaffen werden. Sch\u00fclerinnen und Sch\u00fcler lernen nicht nur andere Sichtweisen kennen, sondern entwickeln ihren eigenen kulturellen Standpunkt, steigern ihr Selbstbewusstsein, bringen eigene Themen und Fragen ein. Die kulturelle Bildung dient somit auch unmittelbar der Sprachf\u00f6rderung aller Sch\u00fclerinnen und Sch\u00fcler.<\/p>\n<p><strong>Demokratie leben und globale Perspektiven erkennen<\/strong><\/p>\n<p>Kulturelle Bildung er\u00f6ffnet nicht nur M\u00f6glichkeiten der eigenen Orientierung, sondern macht gemeinsames Handeln erfahrbar. Die Folgen von kreativem Handeln und eigenem Engagement werden vor allem in Gruppenprozessen unmittelbar sp\u00fcrbar. Die Herausbildung einer Kritikf\u00e4higkeit gegen\u00fcber sich selbst und anderen wird genauso ausgepr\u00e4gt wie die Auseinandersetzung mit dem kulturellen Erbe Deutschlands, Europas und der Welt.<\/p>\n<p><strong>Medienkompetenz entwickeln<\/strong><\/p>\n<p>Kulturelle Bildung ist immer auch die Herausbildung einer Medienkompetenz, indem Wirkungsabsichten beschrieben, erl\u00e4utert und beurteilt werden. In analytischen wie kreativen Prozessen lernen Sch\u00fclerinnen und Sch\u00fcler unterschiedliche analoge wie digitale Medien kennen und entdecken so Wirkungsweisen und -absichten.<\/p>\n<p>Vor diesem Hintergrund vernetzt sich der Schwerpunkt \u201eKulturelle Bildung\u201c mit den anderen Schwerpunktbereichen unserer Schule. Letztlich findet kulturelle Bildung somit auch in nahezu allen Unterrichtsf\u00e4chern statt. An der Felix-Fechenbach-Gesamtschule ist aber vor allem f\u00fcr folgende F\u00e4cher die kulturelle Bildung Fundament f\u00fcr das t\u00e4gliche Handeln:<\/p>\n<ol>\n<li>Deutsch<\/li>\n<li>Kunst<\/li>\n<li>Darstellen und Gestalten<\/li>\n<li>Musik<\/li>\n<\/ol>\n","protected":false},"excerpt":{"rendered":"<p>An der Felix-Fechenbach-Gesamtschule findet kulturelle Bildung demnach nicht nur als Unterst\u00fctzung der Pers\u00f6nlichkeitsentwicklung statt, sondern erf\u00fcllt die folgenden drei Funktionen: Kulturelle und soziale Vielfalt unterst\u00fctzen, die eigene Pers\u00f6nlichkeit entwickeln Kulturelle Bildung f\u00f6rdert die Begegnung mit Menschen unterschiedlicher Herkunft und unterschiedlichen Ideen. Bei den Sch\u00fclerinnen und Sch\u00fclern unserer Schule soll durch &hellip;<\/p>\n","protected":false},"author":3,"featured_media":0,"parent":1258,"menu_order":0,"comment_status":"closed","ping_status":"closed","template":"","meta":{"footnotes":""},"class_list":["post-1297","page","type-page","status-publish","hentry"],"_links":{"self":[{"href":"https:\/\/ffgleo.de\/wp\/index.php?rest_route=\/wp\/v2\/pages\/1297","targetHints":{"allow":["GET"]}}],"collection":[{"href":"https:\/\/ffgleo.de\/wp\/index.php?rest_route=\/wp\/v2\/pages"}],"about":[{"href":"https:\/\/ffgleo.de\/wp\/index.php?rest_route=\/wp\/v2\/types\/page"}],"author":[{"embeddable":true,"href":"https:\/\/ffgleo.de\/wp\/index.php?rest_route=\/wp\/v2\/users\/3"}],"replies":[{"embeddable":true,"href":"https:\/\/ffgleo.de\/wp\/index.php?rest_route=%2Fwp%2Fv2%2Fcomments&post=1297"}],"version-history":[{"count":2,"href":"https:\/\/ffgleo.de\/wp\/index.php?rest_route=\/wp\/v2\/pages\/1297\/revisions"}],"predecessor-version":[{"id":6072,"href":"https:\/\/ffgleo.de\/wp\/index.php?rest_route=\/wp\/v2\/pages\/1297\/revisions\/6072"}],"up":[{"embeddable":true,"href":"https:\/\/ffgleo.de\/wp\/index.php?rest_route=\/wp\/v2\/pages\/1258"}],"wp:attachment":[{"href":"https:\/\/ffgleo.de\/wp\/index.php?rest_route=%2Fwp%2Fv2%2Fmedia&parent=1297"}],"curies":[{"name":"wp","href":"https:\/\/api.w.org\/{rel}","templated":true}]}}

Kulturelle Bildung entwickeln und fördern

<p>An der Felix-Fechenbach-Gesamtschule findet kulturelle Bildung demnach nicht nur als Unterstützung der Persönlichkeitsentwicklung statt, sondern erfüllt die folgenden drei Funktionen:</p>
<p><strong>Kulturelle und soziale Vielfalt unterstützen, die eigene Persönlichkeit entwickeln</strong></p>
<p>Kulturelle Bildung fördert die Begegnung mit Menschen unterschiedlicher Herkunft und unterschiedlichen Ideen. Bei den Schülerinnen und Schülern unserer Schule soll durch diese Begegnungen Toleranz und Akzeptanz geschaffen werden. Schülerinnen und Schüler lernen nicht nur andere Sichtweisen kennen, sondern entwickeln ihren eigenen kulturellen Standpunkt, steigern ihr Selbstbewusstsein, bringen eigene Themen und Fragen ein. Die kulturelle Bildung dient somit auch unmittelbar der Sprachförderung aller Schülerinnen und Schüler.</p>
<p><strong>Demokratie leben und globale Perspektiven erkennen</strong></p>
<p>Kulturelle Bildung eröffnet nicht nur Möglichkeiten der eigenen Orientierung, sondern macht gemeinsames Handeln erfahrbar. Die Folgen von kreativem Handeln und eigenem Engagement werden vor allem in Gruppenprozessen unmittelbar spürbar. Die Herausbildung einer Kritikfähigkeit gegenüber sich selbst und anderen wird genauso ausgeprägt wie die Auseinandersetzung mit dem kulturellen Erbe Deutschlands, Europas und der Welt.</p>
<p><strong>Medienkompetenz entwickeln</strong></p>
<p>Kulturelle Bildung ist immer auch die Herausbildung einer Medienkompetenz, indem Wirkungsabsichten beschrieben, erläutert und beurteilt werden. In analytischen wie kreativen Prozessen lernen Schülerinnen und Schüler unterschiedliche analoge wie digitale Medien kennen und entdecken so Wirkungsweisen und -absichten.</p>
<p>Vor diesem Hintergrund vernetzt sich der Schwerpunkt „Kulturelle Bildung“ mit den anderen Schwerpunktbereichen unserer Schule. Letztlich findet kulturelle Bildung somit auch in nahezu allen Unterrichtsfächern statt. An der Felix-Fechenbach-Gesamtschule ist aber vor allem für folgende Fächer die kulturelle Bildung Fundament für das tägliche Handeln:</p>
<ol>
<li>Deutsch</li>
<li>Kunst</li>
<li>Darstellen und Gestalten</li>
<li>Musik</li>
</ol>

<p>An der Felix-Fechenbach-Gesamtschule findet kulturelle Bildung demnach nicht nur als Unterstützung der Persönlichkeitsentwicklung statt, sondern erfüllt die folgenden drei Funktionen: Kulturelle und soziale Vielfalt unterstützen, die eigene Persönlichkeit entwickeln Kulturelle Bildung fördert die Begegnung mit Menschen unterschiedlicher Herkunft und unterschiedlichen Ideen. Bei den Schülerinnen und Schülern unserer Schule soll durch &hellip;</p>
