{"id":1639,"date":"2017-09-09T23:13:41","date_gmt":"2017-09-09T21:13:41","guid":{"rendered":"http:\/\/ffgleo.de\/wp\/?page_id=1639"},"modified":"2020-05-26T19:28:34","modified_gmt":"2020-05-26T17:28:34","slug":"jahrgang-6-gewaltpraevention","status":"publish","type":"page","link":"https:\/\/ffgleo.de\/wp\/?page_id=1639","title":{"rendered":"Jahrgang 6 &#8211; Gewaltpr\u00e4vention"},"content":{"rendered":"<h3>Schwerpunkt: Gemeinsames Leben und Lernen lernen<\/h3>\n<p>Das Projekt zur Gewaltpr\u00e4vention im 6. Jahrgang ist als Fortf\u00fchrung und Vertiefung des sozialen Lernens vorgesehen. Den Sch\u00fclerinnen und Sch\u00fclern wird hier eine Auseinandersetzung mit verschiedenen Aspekten der Gewaltpr\u00e4vention erm\u00f6glicht. Im Bereich der Medienerziehung geht es vorrangig um Regeln zur sachgerechten Nutzung des Internets und der Kommunikationsmedien.<br \/>\nBei der Auseinandersetzung mit Cybermobbing werden Handlungsm\u00f6glichkeiten von Sch\u00fclerinnen und Sch\u00fclern z. B. zum gezielten Durchbrechen von Mobbingabl\u00e4ufen trainiert.<\/p>\n<h4>Ziele des Vorhabens:<\/h4>\n<ul>\n<li>Entwicklung einer Schulkultur des friedlichen Miteinanders<\/li>\n<li>F\u00f6rderung der Kompetenz im Umgang mit sozialen Netzwerken<\/li>\n<li>Sensibilisierung zur Wahrnehmung von Gewalt und anderen Regelverletzungen<\/li>\n<li>St\u00e4rkung sozialer Kompetenzen f\u00fcr den Umgang mit Konflikten<\/li>\n<li>Verbesserung des Klassen- und Schulklimas<\/li>\n<li>St\u00e4rkung des &#8222;Wir&#8220;-Gef\u00fchls<\/li>\n<\/ul>\n<p><strong>Ausgestaltung im \u00dcberblick:<\/strong><\/p>\n<h4>A. Workshops der &#8222;Handyscouts&#8220;<\/h4>\n<p>Im Fach Sozialp\u00e4dagogik setzen sich die Sch\u00fclerinnen und Sch\u00fcler des 10. Jahrgangs im Peer-to-Peer-Projekt &#8222;Handy-scouts&#8220; u. a. mit rechtlichen Aspekten des Umgangs mit Internet und Handy auseinander. Dabei spielt das Thema Vorbeugung und Verhinderung von Cybermobbing eine entscheidende Rolle. Die &#8222;Handyscouts&#8220; f\u00fchren anschlie\u00dfend Workshops in den Klassen des 6. Jahrgangs durch. Damit werden die Sch\u00fclerinnen und Sch\u00fcler des 6. Jahrgangs gleichzeitig vorbereitet auf<\/p>\n<h4>B. Das Theaterst\u00fcck &#8222;(S)chattenwelten&#8220; des Pisak Theaters<\/h4>\n<p>Die Schulsozialarbeit und die Klassenlehrer-innen und Klassenlehrer erarbeiten mit den Sch\u00fclerinnen und Sch\u00fclern anhand des Theaterst\u00fccks \u201e(S)chattenwelten\u201c des Pisak Theaters verschiedene Handlungsoptionen und \u2013aspekte des Internets. Dabei werden die Erkenntnisse zur Vermeidung von Cybermobbing aus dem Workshop \u201eMedienscouts\u201c wieder aufgegriffen.<\/p>\n<p>\u201e(S)chattenwelten\u201c ist ein Theaterst\u00fcck \u00fcber Internetmobbing und Freundschaft, aber auch \u00fcber den umsichtigen Gebrauch des World Wide Web. Wie privat ist Facebook, welche Daten kann ich im Netz ver\u00f6ffentlichen und welche besser nicht?<br \/>\nIm Anschluss an die Auff\u00fchrung des Theaterst\u00fccks gibt es in jeder Klasse ein Nachgespr\u00e4ch mit jeweils einem Schauspieler unter Mitbeteiligung der Fachkr\u00e4fte aus der Schulsozialarbeit, um das Thema zu vertiefen.<\/p>\n","protected":false},"excerpt":{"rendered":"<p>Schwerpunkt: Gemeinsames Leben und Lernen lernen Das Projekt zur Gewaltpr\u00e4vention im 6. Jahrgang ist als Fortf\u00fchrung und Vertiefung des sozialen Lernens vorgesehen. Den Sch\u00fclerinnen und Sch\u00fclern wird hier eine Auseinandersetzung mit verschiedenen Aspekten der Gewaltpr\u00e4vention erm\u00f6glicht. Im Bereich der Medienerziehung geht es vorrangig um Regeln zur sachgerechten Nutzung des Internets &hellip;<\/p>\n","protected":false},"author":3,"featured_media":0,"parent":1305,"menu_order":0,"comment_status":"closed","ping_status":"closed","template":"","meta":{"footnotes":""},"class_list":["post-1639","page","type-page","status-publish","hentry"],"_links":{"self":[{"href":"https:\/\/ffgleo.de\/wp\/index.php?rest_route=\/wp\/v2\/pages\/1639","targetHints":{"allow":["GET"]}}],"collection":[{"href":"https:\/\/ffgleo.de\/wp\/index.php?rest_route=\/wp\/v2\/pages"}],"about":[{"href":"https:\/\/ffgleo.de\/wp\/index.php?rest_route=\/wp\/v2\/types\/page"}],"author":[{"embeddable":true,"href":"https:\/\/ffgleo.de\/wp\/index.php?rest_route=\/wp\/v2\/users\/3"}],"replies":[{"embeddable":true,"href":"https:\/\/ffgleo.de\/wp\/index.php?rest_route=%2Fwp%2Fv2%2Fcomments&post=1639"}],"version-history":[{"count":3,"href":"https:\/\/ffgleo.de\/wp\/index.php?rest_route=\/wp\/v2\/pages\/1639\/revisions"}],"predecessor-version":[{"id":6218,"href":"https:\/\/ffgleo.de\/wp\/index.php?rest_route=\/wp\/v2\/pages\/1639\/revisions\/6218"}],"up":[{"embeddable":true,"href":"https:\/\/ffgleo.de\/wp\/index.php?rest_route=\/wp\/v2\/pages\/1305"}],"wp:attachment":[{"href":"https:\/\/ffgleo.de\/wp\/index.php?rest_route=%2Fwp%2Fv2%2Fmedia&parent=1639"}],"curies":[{"name":"wp","href":"https:\/\/api.w.org\/{rel}","templated":true}]}}

Jahrgang 6 &#8211; Gewaltprävention

<h3>Schwerpunkt: Gemeinsames Leben und Lernen lernen</h3>
<p>Das Projekt zur Gewaltprävention im 6. Jahrgang ist als Fortführung und Vertiefung des sozialen Lernens vorgesehen. Den Schülerinnen und Schülern wird hier eine Auseinandersetzung mit verschiedenen Aspekten der Gewaltprävention ermöglicht. Im Bereich der Medienerziehung geht es vorrangig um Regeln zur sachgerechten Nutzung des Internets und der Kommunikationsmedien.<br />
Bei der Auseinandersetzung mit Cybermobbing werden Handlungsmöglichkeiten von Schülerinnen und Schülern z. B. zum gezielten Durchbrechen von Mobbingabläufen trainiert.</p>
<h4>Ziele des Vorhabens:</h4>
<ul>
<li>Entwicklung einer Schulkultur des friedlichen Miteinanders</li>
<li>Förderung der Kompetenz im Umgang mit sozialen Netzwerken</li>
<li>Sensibilisierung zur Wahrnehmung von Gewalt und anderen Regelverletzungen</li>
<li>Stärkung sozialer Kompetenzen für den Umgang mit Konflikten</li>
<li>Verbesserung des Klassen- und Schulklimas</li>
<li>Stärkung des &#8222;Wir&#8220;-Gefühls</li>
</ul>
<p><strong>Ausgestaltung im Überblick:</strong></p>
<h4>A. Workshops der &#8222;Handyscouts&#8220;</h4>
<p>Im Fach Sozialpädagogik setzen sich die Schülerinnen und Schüler des 10. Jahrgangs im Peer-to-Peer-Projekt &#8222;Handy-scouts&#8220; u. a. mit rechtlichen Aspekten des Umgangs mit Internet und Handy auseinander. Dabei spielt das Thema Vorbeugung und Verhinderung von Cybermobbing eine entscheidende Rolle. Die &#8222;Handyscouts&#8220; führen anschließend Workshops in den Klassen des 6. Jahrgangs durch. Damit werden die Schülerinnen und Schüler des 6. Jahrgangs gleichzeitig vorbereitet auf</p>
<h4>B. Das Theaterstück &#8222;(S)chattenwelten&#8220; des Pisak Theaters</h4>
<p>Die Schulsozialarbeit und die Klassenlehrer-innen und Klassenlehrer erarbeiten mit den Schülerinnen und Schülern anhand des Theaterstücks „(S)chattenwelten“ des Pisak Theaters verschiedene Handlungsoptionen und –aspekte des Internets. Dabei werden die Erkenntnisse zur Vermeidung von Cybermobbing aus dem Workshop „Medienscouts“ wieder aufgegriffen.</p>
<p>„(S)chattenwelten“ ist ein Theaterstück über Internetmobbing und Freundschaft, aber auch über den umsichtigen Gebrauch des World Wide Web. Wie privat ist Facebook, welche Daten kann ich im Netz veröffentlichen und welche besser nicht?<br />
Im Anschluss an die Aufführung des Theaterstücks gibt es in jeder Klasse ein Nachgespräch mit jeweils einem Schauspieler unter Mitbeteiligung der Fachkräfte aus der Schulsozialarbeit, um das Thema zu vertiefen.</p>

<p>Schwerpunkt: Gemeinsames Leben und Lernen lernen Das Projekt zur Gewaltprävention im 6. Jahrgang ist als Fortführung und Vertiefung des sozialen Lernens vorgesehen. Den Schülerinnen und Schülern wird hier eine Auseinandersetzung mit verschiedenen Aspekten der Gewaltprävention ermöglicht. Im Bereich der Medienerziehung geht es vorrangig um Regeln zur sachgerechten Nutzung des Internets &hellip;</p>
