{"id":3924,"date":"2018-08-27T19:29:21","date_gmt":"2018-08-27T17:29:21","guid":{"rendered":"https:\/\/ffgleo.de\/wp\/?page_id=3924"},"modified":"2018-10-19T21:12:15","modified_gmt":"2018-10-19T19:12:15","slug":"lettland","status":"publish","type":"page","link":"https:\/\/ffgleo.de\/wp\/?page_id=3924","title":{"rendered":"Riga"},"content":{"rendered":"<p><a href=\"https:\/\/ffgleo.de\/wp\/wp-content\/uploads\/2018\/09\/Riga_Milda.jpg\"><img loading=\"lazy\" decoding=\"async\" class=\"size-medium wp-image-4008 alignright\" src=\"https:\/\/ffgleo.de\/wp\/wp-content\/uploads\/2018\/09\/Riga_Milda-225x300.jpg\" alt=\"\" width=\"225\" height=\"300\" srcset=\"https:\/\/ffgleo.de\/wp\/wp-content\/uploads\/2018\/09\/Riga_Milda-225x300.jpg 225w, https:\/\/ffgleo.de\/wp\/wp-content\/uploads\/2018\/09\/Riga_Milda.jpg 768w, https:\/\/ffgleo.de\/wp\/wp-content\/uploads\/2018\/09\/Riga_Milda-150x200.jpg 150w\" sizes=\"auto, (max-width: 225px) 100vw, 225px\" \/><\/a>\u201eLabi!\u201c ist ein Wort, das man oft auf den Stra\u00dfen Rigas h\u00f6rt. \u201eLabi\u201c hei\u00dft \u201egut\u201c. Und gut sind auch die R\u00fcckmeldungen der neuen Elftkl\u00e4ssler, die jedes Jahr im September nach Lettland reisen. Dort erleben sie f\u00fcr eine Woche das Leben in der gro\u00dfen baltischen Metropole, die umwerfende Altstadt, die herzliche Gastfreundschaft, die pulsierende Gro\u00dfstadt, den nicht immer einfachen Alltag der Letten, ein ganz anderes Schulsystem und vieles mehr. Vor allem aber verbessern die FFG-Sch\u00fclerInnen ihre Fremdsprachenkenntnisse, denn Letten sprechen ein hervorragendes Englisch.<\/p>\n<p>Die j\u00fcngere europ\u00e4ische Geschichte ist in Riga immer noch zum Greifen nahe und pr\u00e4gt das ganze Land, das seit 2004 in der EU ist, enorm. Dank der sich stabilisierenden Wirtschaftslage k\u00f6nnen die zwei Millionen B\u00fcrger des Landes seit 2014 mit dem Euro bezahlen. Lettland wurde 1918 gegr\u00fcndet und ist seit 1991 wieder unabh\u00e4ngig. Zu den Nachbarn Estland und Litauen pflegt man sehr enge Beziehungen. Lettland ist eine sehr stabile parlamentarische Demokratie. Im Gegensatz zu anderen osteurop\u00e4ischen Staaten gibt es in Lettland keine nennenswerten populistischen Parteien.<\/p>\n<p><a href=\"https:\/\/ffgleo.de\/wp\/wp-content\/uploads\/2018\/09\/Riga_Nacht.jpg\"><img loading=\"lazy\" decoding=\"async\" class=\"size-medium wp-image-4009 alignleft\" src=\"https:\/\/ffgleo.de\/wp\/wp-content\/uploads\/2018\/09\/Riga_Nacht-300x200.jpg\" alt=\"\" width=\"300\" height=\"200\" srcset=\"https:\/\/ffgleo.de\/wp\/wp-content\/uploads\/2018\/09\/Riga_Nacht-300x200.jpg 300w, https:\/\/ffgleo.de\/wp\/wp-content\/uploads\/2018\/09\/Riga_Nacht-768x512.jpg 768w, https:\/\/ffgleo.de\/wp\/wp-content\/uploads\/2018\/09\/Riga_Nacht-1024x683.jpg 1024w, https:\/\/ffgleo.de\/wp\/wp-content\/uploads\/2018\/09\/Riga_Nacht.jpg 1152w\" sizes=\"auto, (max-width: 300px) 100vw, 300px\" \/><\/a>Die sehr engagierten Kolleginnen vor Ort bieten uns stets ein abwechslungsreiches Programm mit Ausfl\u00fcgen in die Kulturstadt Cesis, den K\u00fcstenort Jurmala oder nach Sigulda, das heimliche Herz Lettlands. In der Osterzeit besuchen uns dann unsere lettischen Freunde in Leopoldsh\u00f6he, wo sie den Hermann, die umliegenden St\u00e4dte und das eigentliche deutsche Nationalgetr\u00e4nk Apfelschorle kennenlernen. Am Ende flie\u00dfen immer die Abschiedstr\u00e4nen und schon einige Male haben sich lettische und deutsche Sch\u00fclerInnen privat wiedergesehen.<\/p>\n<p><strong><a href=\"https:\/\/ffgleo.de\/wp\/wp-content\/uploads\/2018\/10\/Flugzeug_edited.jpg\"><img loading=\"lazy\" decoding=\"async\" class=\"size-medium wp-image-4154 alignright\" src=\"https:\/\/ffgleo.de\/wp\/wp-content\/uploads\/2018\/10\/Flugzeug_edited-300x225.jpg\" alt=\"\" width=\"300\" height=\"225\" srcset=\"https:\/\/ffgleo.de\/wp\/wp-content\/uploads\/2018\/10\/Flugzeug_edited-300x225.jpg 300w, https:\/\/ffgleo.de\/wp\/wp-content\/uploads\/2018\/10\/Flugzeug_edited-768x576.jpg 768w, https:\/\/ffgleo.de\/wp\/wp-content\/uploads\/2018\/10\/Flugzeug_edited.jpg 1024w, https:\/\/ffgleo.de\/wp\/wp-content\/uploads\/2018\/10\/Flugzeug_edited-267x200.jpg 267w\" sizes=\"auto, (max-width: 300px) 100vw, 300px\" \/><\/a>Frau Pietsch, Frau Kappel, Herr Stube und Herr Schumann freuen sich, wenn auch Du Lust hast, beim n\u00e4chsten Lettland-Austausch mit dabei zu sein. Sprich einen der vier einfach an!<\/strong> Dann sitzt Du vielleicht schon bald im Flieger nach Riga und denkst: \u201eLabi!\u201c<\/p>\n<p>Wenn du mehr Eindr\u00fccke m\u00f6chtest, schau doch mal in den Bericht <a href=\"https:\/\/ffgleo.de\/wp\/?p=3998\">&#8222;Lettland 2018 &#8211; interessant, unglaublich, traumhaft&#8220;<\/a><\/p>\n<p>&nbsp;<\/p>\n<p>Der Lettland-Austausch wird unterst\u00fctzt von der Firma H\u00e4fner und Krullmann. Danke!<\/p>\n<p>Informationsportal zu Riga:<a href=\"https:\/\/www.liveriga.com\/de\/\"> https:\/\/www.liveriga.com\/de\/<\/a><\/p>\n<p>Unsere Partnerschule: <a href=\"http:\/\/www.avg.lv\">http:\/\/www.avg.lv<\/a><\/p>\n<p><a href=\"https:\/\/ffgleo.de\/wp\/wp-content\/uploads\/2018\/09\/Varzas_LaucuAkmens.jpg\"><img loading=\"lazy\" decoding=\"async\" class=\"aligncenter size-medium wp-image-4010\" src=\"https:\/\/ffgleo.de\/wp\/wp-content\/uploads\/2018\/09\/Varzas_LaucuAkmens-300x225.jpg\" alt=\"\" width=\"300\" height=\"225\" srcset=\"https:\/\/ffgleo.de\/wp\/wp-content\/uploads\/2018\/09\/Varzas_LaucuAkmens-300x225.jpg 300w, https:\/\/ffgleo.de\/wp\/wp-content\/uploads\/2018\/09\/Varzas_LaucuAkmens-768x576.jpg 768w, https:\/\/ffgleo.de\/wp\/wp-content\/uploads\/2018\/09\/Varzas_LaucuAkmens.jpg 1024w, https:\/\/ffgleo.de\/wp\/wp-content\/uploads\/2018\/09\/Varzas_LaucuAkmens-267x200.jpg 267w\" sizes=\"auto, (max-width: 300px) 100vw, 300px\" \/><\/a><\/p>\n","protected":false},"excerpt":{"rendered":"<p>\u201eLabi!\u201c ist ein Wort, das man oft auf den Stra\u00dfen Rigas h\u00f6rt. \u201eLabi\u201c hei\u00dft \u201egut\u201c. Und gut sind auch die R\u00fcckmeldungen der neuen Elftkl\u00e4ssler, die jedes Jahr im September nach Lettland reisen. Dort erleben sie f\u00fcr eine Woche das Leben in der gro\u00dfen baltischen Metropole, die umwerfende Altstadt, die herzliche &hellip;<\/p>\n","protected":false},"author":3,"featured_media":0,"parent":1204,"menu_order":0,"comment_status":"closed","ping_status":"closed","template":"","meta":{"footnotes":""},"class_list":["post-3924","page","type-page","status-publish","hentry"],"_links":{"self":[{"href":"https:\/\/ffgleo.de\/wp\/index.php?rest_route=\/wp\/v2\/pages\/3924","targetHints":{"allow":["GET"]}}],"collection":[{"href":"https:\/\/ffgleo.de\/wp\/index.php?rest_route=\/wp\/v2\/pages"}],"about":[{"href":"https:\/\/ffgleo.de\/wp\/index.php?rest_route=\/wp\/v2\/types\/page"}],"author":[{"embeddable":true,"href":"https:\/\/ffgleo.de\/wp\/index.php?rest_route=\/wp\/v2\/users\/3"}],"replies":[{"embeddable":true,"href":"https:\/\/ffgleo.de\/wp\/index.php?rest_route=%2Fwp%2Fv2%2Fcomments&post=3924"}],"version-history":[{"count":8,"href":"https:\/\/ffgleo.de\/wp\/index.php?rest_route=\/wp\/v2\/pages\/3924\/revisions"}],"predecessor-version":[{"id":4156,"href":"https:\/\/ffgleo.de\/wp\/index.php?rest_route=\/wp\/v2\/pages\/3924\/revisions\/4156"}],"up":[{"embeddable":true,"href":"https:\/\/ffgleo.de\/wp\/index.php?rest_route=\/wp\/v2\/pages\/1204"}],"wp:attachment":[{"href":"https:\/\/ffgleo.de\/wp\/index.php?rest_route=%2Fwp%2Fv2%2Fmedia&parent=3924"}],"curies":[{"name":"wp","href":"https:\/\/api.w.org\/{rel}","templated":true}]}}

<p><a href="https://ffgleo.de/wp/wp-content/uploads/2018/09/Riga_Milda.jpg"><img loading="lazy" decoding="async" class="size-medium wp-image-4008 alignright" src="https://ffgleo.de/wp/wp-content/uploads/2018/09/Riga_Milda-225x300.jpg" alt="" width="225" height="300" srcset="https://ffgleo.de/wp/wp-content/uploads/2018/09/Riga_Milda-225x300.jpg 225w, https://ffgleo.de/wp/wp-content/uploads/2018/09/Riga_Milda.jpg 768w, https://ffgleo.de/wp/wp-content/uploads/2018/09/Riga_Milda-150x200.jpg 150w" sizes="auto, (max-width: 225px) 100vw, 225px" /></a>„Labi!“ ist ein Wort, das man oft auf den Straßen Rigas hört. „Labi“ heißt „gut“. Und gut sind auch die Rückmeldungen der neuen Elftklässler, die jedes Jahr im September nach Lettland reisen. Dort erleben sie für eine Woche das Leben in der großen baltischen Metropole, die umwerfende Altstadt, die herzliche Gastfreundschaft, die pulsierende Großstadt, den nicht immer einfachen Alltag der Letten, ein ganz anderes Schulsystem und vieles mehr. Vor allem aber verbessern die FFG-SchülerInnen ihre Fremdsprachenkenntnisse, denn Letten sprechen ein hervorragendes Englisch.</p>
<p>Die jüngere europäische Geschichte ist in Riga immer noch zum Greifen nahe und prägt das ganze Land, das seit 2004 in der EU ist, enorm. Dank der sich stabilisierenden Wirtschaftslage können die zwei Millionen Bürger des Landes seit 2014 mit dem Euro bezahlen. Lettland wurde 1918 gegründet und ist seit 1991 wieder unabhängig. Zu den Nachbarn Estland und Litauen pflegt man sehr enge Beziehungen. Lettland ist eine sehr stabile parlamentarische Demokratie. Im Gegensatz zu anderen osteuropäischen Staaten gibt es in Lettland keine nennenswerten populistischen Parteien.</p>
<p><a href="https://ffgleo.de/wp/wp-content/uploads/2018/09/Riga_Nacht.jpg"><img loading="lazy" decoding="async" class="size-medium wp-image-4009 alignleft" src="https://ffgleo.de/wp/wp-content/uploads/2018/09/Riga_Nacht-300x200.jpg" alt="" width="300" height="200" srcset="https://ffgleo.de/wp/wp-content/uploads/2018/09/Riga_Nacht-300x200.jpg 300w, https://ffgleo.de/wp/wp-content/uploads/2018/09/Riga_Nacht-768x512.jpg 768w, https://ffgleo.de/wp/wp-content/uploads/2018/09/Riga_Nacht-1024x683.jpg 1024w, https://ffgleo.de/wp/wp-content/uploads/2018/09/Riga_Nacht.jpg 1152w" sizes="auto, (max-width: 300px) 100vw, 300px" /></a>Die sehr engagierten Kolleginnen vor Ort bieten uns stets ein abwechslungsreiches Programm mit Ausflügen in die Kulturstadt Cesis, den Küstenort Jurmala oder nach Sigulda, das heimliche Herz Lettlands. In der Osterzeit besuchen uns dann unsere lettischen Freunde in Leopoldshöhe, wo sie den Hermann, die umliegenden Städte und das eigentliche deutsche Nationalgetränk Apfelschorle kennenlernen. Am Ende fließen immer die Abschiedstränen und schon einige Male haben sich lettische und deutsche SchülerInnen privat wiedergesehen.</p>
<p><strong><a href="https://ffgleo.de/wp/wp-content/uploads/2018/10/Flugzeug_edited.jpg"><img loading="lazy" decoding="async" class="size-medium wp-image-4154 alignright" src="https://ffgleo.de/wp/wp-content/uploads/2018/10/Flugzeug_edited-300x225.jpg" alt="" width="300" height="225" srcset="https://ffgleo.de/wp/wp-content/uploads/2018/10/Flugzeug_edited-300x225.jpg 300w, https://ffgleo.de/wp/wp-content/uploads/2018/10/Flugzeug_edited-768x576.jpg 768w, https://ffgleo.de/wp/wp-content/uploads/2018/10/Flugzeug_edited.jpg 1024w, https://ffgleo.de/wp/wp-content/uploads/2018/10/Flugzeug_edited-267x200.jpg 267w" sizes="auto, (max-width: 300px) 100vw, 300px" /></a>Frau Pietsch, Frau Kappel, Herr Stube und Herr Schumann freuen sich, wenn auch Du Lust hast, beim nächsten Lettland-Austausch mit dabei zu sein. Sprich einen der vier einfach an!</strong> Dann sitzt Du vielleicht schon bald im Flieger nach Riga und denkst: „Labi!“</p>
<p>Wenn du mehr Eindrücke möchtest, schau doch mal in den Bericht <a href="https://ffgleo.de/wp/?p=3998">&#8222;Lettland 2018 &#8211; interessant, unglaublich, traumhaft&#8220;</a></p>
<p>&nbsp;</p>
<p>Der Lettland-Austausch wird unterstützt von der Firma Häfner und Krullmann. Danke!</p>
<p>Informationsportal zu Riga:<a href="https://www.liveriga.com/de/"> https://www.liveriga.com/de/</a></p>
<p>Unsere Partnerschule: <a href="http://www.avg.lv">http://www.avg.lv</a></p>
<p><a href="https://ffgleo.de/wp/wp-content/uploads/2018/09/Varzas_LaucuAkmens.jpg"><img loading="lazy" decoding="async" class="aligncenter size-medium wp-image-4010" src="https://ffgleo.de/wp/wp-content/uploads/2018/09/Varzas_LaucuAkmens-300x225.jpg" alt="" width="300" height="225" srcset="https://ffgleo.de/wp/wp-content/uploads/2018/09/Varzas_LaucuAkmens-300x225.jpg 300w, https://ffgleo.de/wp/wp-content/uploads/2018/09/Varzas_LaucuAkmens-768x576.jpg 768w, https://ffgleo.de/wp/wp-content/uploads/2018/09/Varzas_LaucuAkmens.jpg 1024w, https://ffgleo.de/wp/wp-content/uploads/2018/09/Varzas_LaucuAkmens-267x200.jpg 267w" sizes="auto, (max-width: 300px) 100vw, 300px" /></a></p>

<p>„Labi!“ ist ein Wort, das man oft auf den Straßen Rigas hört. „Labi“ heißt „gut“. Und gut sind auch die Rückmeldungen der neuen Elftklässler, die jedes Jahr im September nach Lettland reisen. Dort erleben sie für eine Woche das Leben in der großen baltischen Metropole, die umwerfende Altstadt, die herzliche &hellip;</p>
