{"id":5125,"date":"2019-05-24T10:58:29","date_gmt":"2019-05-24T08:58:29","guid":{"rendered":"https:\/\/ffgleo.de\/wp\/?page_id=5125"},"modified":"2024-09-15T16:08:25","modified_gmt":"2024-09-15T14:08:25","slug":"selbstlernzentrum-trainingsraum","status":"publish","type":"page","link":"https:\/\/ffgleo.de\/wp\/?page_id=5125","title":{"rendered":"Selbstlernzentrum &#8211; Trainingsraum"},"content":{"rendered":"<div class=\"wp-block-image is-resized\">\n<figure class=\"alignright size-large\"><img loading=\"lazy\" decoding=\"async\" width=\"1024\" height=\"578\" src=\"https:\/\/ffgleo.de\/wp\/wp-content\/uploads\/2024\/09\/2024_SLZ_03-1024x578.jpg\" alt=\"\" class=\"wp-image-9638\" srcset=\"https:\/\/ffgleo.de\/wp\/wp-content\/uploads\/2024\/09\/2024_SLZ_03-1024x578.jpg 1024w, https:\/\/ffgleo.de\/wp\/wp-content\/uploads\/2024\/09\/2024_SLZ_03-300x169.jpg 300w, https:\/\/ffgleo.de\/wp\/wp-content\/uploads\/2024\/09\/2024_SLZ_03-768x433.jpg 768w, https:\/\/ffgleo.de\/wp\/wp-content\/uploads\/2024\/09\/2024_SLZ_03-1536x866.jpg 1536w, https:\/\/ffgleo.de\/wp\/wp-content\/uploads\/2024\/09\/2024_SLZ_03-2048x1155.jpg 2048w, https:\/\/ffgleo.de\/wp\/wp-content\/uploads\/2024\/09\/2024_SLZ_03-319x180.jpg 319w\" sizes=\"auto, (max-width: 1024px) 100vw, 1024px\" \/><\/figure><\/div>\n\n<p><u>\u00d6ffnungszeiten:<\/u><\/p>\n<p>montags-freitags: 7:30 Uhr &#8211; 12:50 Uhr und 13:10 Uhr &#8211; 15:30 Uhr<\/p>\n<p>dienstags nur: 7:30 Uhr &#8211; 12:50 Uhr<\/p>\n<p>Das <strong>SELBSTLERNZENTRUM (SLZ)<\/strong> der FFG befindet sich im Keller im &#8222;F\u00fcnfer-Trakt&#8220;. Die f\u00fcr alle Sch\u00fclerinnen und Sch\u00fcler ganzt\u00e4gig zug\u00e4ngliche Bibliothek umfasst derzeit ca. 3600 B\u00fccher, dazu Tageszeitungen, aktuelle Zeitschriften, audiovisuelle Medien, Lern- und \u00dcbungssoftware und eine umfangreiche Spielesammlung.<\/p>\n<p>Im Raum des SLZ ist von montags bis freitags 2. -6. Std (8:20 Uhr-12:50 Uhr) auch der soziale <strong>TRAININGSRAUM (TR)<\/strong> unserer Schule untergebracht. (-&gt;Trainingsraum)<\/p>\n<p>In der Mittagspause (13:10 Uhr &#8211; 13:55 Uhr) ist das SLZ als Arbeits-, Spiel- und Pausenraum f\u00fcr alle Sch\u00fclerinnen und Sch\u00fcler ge\u00f6ffnet. Hier ergibt sich auch die M\u00f6glichkeit zum Partnerlernen und zur Sch\u00fclernachhilfe <em>Sch\u00fcler helfen Sch\u00fclern <\/em>(-&gt; SV).<\/p>\n<p>Montags, donnerstags und freitags \u00a0von 14:00 Uhr &#8211; 15:30 Uhr findet im SLZ die <strong><em>Betreute Lernzeit <\/em><\/strong>statt, mittwochs die <strong><em>AG Selbst\u00e4ndiges Lernen<\/em><\/strong> f\u00fcr die <em>f\u00fcnften Klassen<\/em>.<\/p>\n<p>Dar\u00fcber hinaus wird das SLZ f\u00fcr Klassen-\/Kurs- und F\u00f6rderunterricht regelm\u00e4\u00dfig genutzt, ebenso f\u00fcr au\u00dferunterrichtliche Veranstaltungen wie Lesenachmittage, Vortr\u00e4ge, Fortbildungen.<\/p>\n<p><strong>Das SLZ teilt sich r\u00e4umlich in drei Bereiche:<\/strong><\/p>\n<p>Im Eingangsbereich mit Arbeitstischen f\u00fcr Freiarbeit, Gruppen- und F\u00f6rderunterricht sowie individuelles Lernen stehen auch die Zeitungstische mit aktuellen Tageszeitungen und der Zeitschriftensammlung. Hier befindet sich die Info-Wand mit Hinweisen auf aktuelle schulische und au\u00dferschulische kulturelle Veranstaltungen der Region.<\/p>\n<p>Im Bibliotheksraum stehen 8 PC-Einheiten mit Arbeitstischen zur Verf\u00fcgung. Daneben befindet sich ein Besprechungsraum f\u00fcr Trainingsraumgespr\u00e4che und in der Mitte ein allgemeiner Arbeitsbereich f\u00fcr Sch\u00fclerinnen und Sch\u00fcler.<\/p>\n<p>Die Fach- und Sch\u00fclerbibliothek mit Leseecken, thematischem B\u00fcchertisch und Spieleregal bildet den Abschluss. Das SLZ ist barrierefrei mit einer Rampe ausgestattet.<\/p>\n<p><strong>FACH- UND SCH\u00dcLERBIBLIOTHEK<\/strong><\/p>\n<p>Die FACHBIBLIOTHEK (ca. 1800 B\u00e4nde) ist alphabetisch nach Fachbereichen (Schulf\u00e4chern) aufgebaut und enth\u00e4lt neben Fach- und Schulbuchsammlung ausleihbare \u00dcbungsmaterialien und weiterf\u00fchrende Literatur zu den folgenden Fachbereichen:<\/p>\n<ul>\n<li>Allgemeine Nachschlagewerke<\/li>\n<li>Biologie<\/li>\n<li>Chemie<\/li>\n<li>Deutsch<\/li>\n<li>Deutsch als Fremdsprache<\/li>\n<li>LRS-Materialien<\/li>\n<li>Englisch<\/li>\n<li>Franz\u00f6sisch<\/li>\n<li>Gesellschaftslehre (Geographie)<\/li>\n<li>Geschichte<\/li>\n<li>Hauswirtschaft<\/li>\n<li>Informatik<\/li>\n<li>Kunst<\/li>\n<li>Lateinisch<\/li>\n<li>Mathematik<\/li>\n<li>Musik, Darstellen und Gestalten<\/li>\n<li>P\u00e4dagogik\/Psychologie<\/li>\n<li>Philosophie<\/li>\n<li>Physik<\/li>\n<li>Rechtskunde<\/li>\n<li>Religionslehre<\/li>\n<li>Sozialwissenschaften<\/li>\n<li>Spanisch<\/li>\n<li>Sport<\/li>\n<li>Technik<\/li>\n<li>Wirtschaftlehre<\/li>\n<li>Studien- und Berufsberatung<\/li>\n<\/ul>\n<p>Die SCH\u00dcLERBIBLIOTHEK enth\u00e4lt ca. 1800 Kinder- und Jugendb\u00fccher aus den Bereichen Sachbuch, Biographie, Belletristik.<\/p>\n<p><strong>(3) AUSLEIHSYSTEM<\/strong><\/p>\n<p>Die B\u00fccher und Medien der Fach- und Sch\u00fclerbibliothek sind \u00fcberwiegend ausleihbar und k\u00f6nnen bis zu drei Monaten verl\u00e4ngert werden. F\u00fcr Minifacharbeit und Facharbeit sowie Klassen-, Kurs-, Schulprojekte sind besondere Ausleihkonditionen vorgesehen. Bei Besch\u00e4digung oder Verlust von ausgeliehenen Medien ist der jeweilige Nutzer zum Ersatz bzw. zur Erstattung eines Grundbetrages f\u00fcr das zu ersetzende Medium verpflichtet.<\/p>\n<p><strong>(4) B\u00dcCHERTISCH &#8211; PROJEKTTISCHE &#8211; LESENACHMITTAGE<\/strong><\/p>\n<p>Seit einem Jahr haben wir im SLZ den monatlich wechselnden B\u00dcCHERTISCH mit thematischem Bezug zu Jahreszeit, Jahrgangs- oder Schulthemen, wie z. B. EUROPA.<\/p>\n<p>Dar\u00fcber hinaus bieten wir Projektmaterialien zu allen in der FFG stattfindenden Schulprojekten und auf Wunsch auch individuellen Klassen-\/Kursprojekten an.<\/p>\n<p>F\u00fcr Lesenachmittage oder -abende oder sonstige Aktionen bietet das SLZ gleichfalls Spielraum, ganz besonders im Zusammenhang mit Jahrgangsprojekten (Kinder einer Welt, Klasse 5; Afrika-Projekt;\u00a0 Lesewettbewerb).<\/p>\n<p><strong>\u00a0(6) INFORMATIONSBEREICH<\/strong><\/p>\n<p>Es stehen derzeit 8 PC-Einheiten und ein Drucker f\u00fcr Kurs-, Klassen, F\u00f6rderunterricht sowie zur individuellen Recherche und selbst\u00e4ndigem Lernen zur Verf\u00fcgung. Sch\u00fclerinnen und Sch\u00fcler der Oberstufe k\u00f6nnen das SLZ\/die Rechner ganzt\u00e4gig zur selbst\u00e4ndigen Recherche etc. nutzen.<\/p>\n\n\n<figure class=\"wp-block-gallery has-nested-images columns-default is-cropped wp-block-gallery-1 is-layout-flex wp-block-gallery-is-layout-flex\"><\/figure>\n\n\n\n<figure class=\"wp-block-gallery has-nested-images columns-default is-cropped wp-block-gallery-2 is-layout-flex wp-block-gallery-is-layout-flex\">\n<figure class=\"wp-block-image size-large\"><a href=\"https:\/\/ffgleo.de\/wp\/wp-content\/uploads\/2024\/09\/2024_SLZ_02-scaled.jpg\"><img loading=\"lazy\" decoding=\"async\" width=\"1024\" height=\"594\" data-id=\"9637\" src=\"https:\/\/ffgleo.de\/wp\/wp-content\/uploads\/2024\/09\/2024_SLZ_02-1024x594.jpg\" alt=\"\" class=\"wp-image-9637\" srcset=\"https:\/\/ffgleo.de\/wp\/wp-content\/uploads\/2024\/09\/2024_SLZ_02-1024x594.jpg 1024w, https:\/\/ffgleo.de\/wp\/wp-content\/uploads\/2024\/09\/2024_SLZ_02-300x174.jpg 300w, https:\/\/ffgleo.de\/wp\/wp-content\/uploads\/2024\/09\/2024_SLZ_02-768x446.jpg 768w, https:\/\/ffgleo.de\/wp\/wp-content\/uploads\/2024\/09\/2024_SLZ_02-1536x891.jpg 1536w, https:\/\/ffgleo.de\/wp\/wp-content\/uploads\/2024\/09\/2024_SLZ_02-2048x1188.jpg 2048w, https:\/\/ffgleo.de\/wp\/wp-content\/uploads\/2024\/09\/2024_SLZ_02-310x180.jpg 310w\" sizes=\"auto, (max-width: 1024px) 100vw, 1024px\" \/><\/a><\/figure>\n\n\n\n<figure class=\"wp-block-image size-large\"><a href=\"https:\/\/ffgleo.de\/wp\/wp-content\/uploads\/2024\/09\/2024_SLZ_03-scaled.jpg\"><img loading=\"lazy\" decoding=\"async\" width=\"1024\" height=\"578\" data-id=\"9638\" src=\"https:\/\/ffgleo.de\/wp\/wp-content\/uploads\/2024\/09\/2024_SLZ_03-1024x578.jpg\" alt=\"\" class=\"wp-image-9638\" srcset=\"https:\/\/ffgleo.de\/wp\/wp-content\/uploads\/2024\/09\/2024_SLZ_03-1024x578.jpg 1024w, https:\/\/ffgleo.de\/wp\/wp-content\/uploads\/2024\/09\/2024_SLZ_03-300x169.jpg 300w, https:\/\/ffgleo.de\/wp\/wp-content\/uploads\/2024\/09\/2024_SLZ_03-768x433.jpg 768w, https:\/\/ffgleo.de\/wp\/wp-content\/uploads\/2024\/09\/2024_SLZ_03-1536x866.jpg 1536w, https:\/\/ffgleo.de\/wp\/wp-content\/uploads\/2024\/09\/2024_SLZ_03-2048x1155.jpg 2048w, https:\/\/ffgleo.de\/wp\/wp-content\/uploads\/2024\/09\/2024_SLZ_03-319x180.jpg 319w\" sizes=\"auto, (max-width: 1024px) 100vw, 1024px\" \/><\/a><\/figure>\n\n\n\n<figure class=\"wp-block-image size-large\"><a href=\"https:\/\/ffgleo.de\/wp\/wp-content\/uploads\/2024\/09\/2024_SLZ_01-scaled.jpg\"><img loading=\"lazy\" decoding=\"async\" width=\"1024\" height=\"576\" data-id=\"9636\" src=\"https:\/\/ffgleo.de\/wp\/wp-content\/uploads\/2024\/09\/2024_SLZ_01-1024x576.jpg\" alt=\"\" class=\"wp-image-9636\" srcset=\"https:\/\/ffgleo.de\/wp\/wp-content\/uploads\/2024\/09\/2024_SLZ_01-1024x576.jpg 1024w, https:\/\/ffgleo.de\/wp\/wp-content\/uploads\/2024\/09\/2024_SLZ_01-300x169.jpg 300w, https:\/\/ffgleo.de\/wp\/wp-content\/uploads\/2024\/09\/2024_SLZ_01-768x432.jpg 768w, https:\/\/ffgleo.de\/wp\/wp-content\/uploads\/2024\/09\/2024_SLZ_01-1536x864.jpg 1536w, https:\/\/ffgleo.de\/wp\/wp-content\/uploads\/2024\/09\/2024_SLZ_01-2048x1152.jpg 2048w, https:\/\/ffgleo.de\/wp\/wp-content\/uploads\/2024\/09\/2024_SLZ_01-320x180.jpg 320w\" sizes=\"auto, (max-width: 1024px) 100vw, 1024px\" \/><\/a><\/figure>\n<\/figure>\n","protected":false},"excerpt":{"rendered":"<p>\u00d6ffnungszeiten: montags-freitags: 7:30 Uhr &#8211; 12:50 Uhr und 13:10 Uhr &#8211; 15:30 Uhr dienstags nur: 7:30 Uhr &#8211; 12:50 Uhr Das SELBSTLERNZENTRUM (SLZ) der FFG befindet sich im Keller im &#8222;F\u00fcnfer-Trakt&#8220;. Die f\u00fcr alle Sch\u00fclerinnen und Sch\u00fcler ganzt\u00e4gig zug\u00e4ngliche Bibliothek umfasst derzeit ca. 3600 B\u00fccher, dazu Tageszeitungen, aktuelle Zeitschriften, audiovisuelle &hellip;<\/p>\n","protected":false},"author":9,"featured_media":0,"parent":1008,"menu_order":2,"comment_status":"closed","ping_status":"closed","template":"","meta":{"footnotes":""},"class_list":["post-5125","page","type-page","status-publish","hentry"],"_links":{"self":[{"href":"https:\/\/ffgleo.de\/wp\/index.php?rest_route=\/wp\/v2\/pages\/5125","targetHints":{"allow":["GET"]}}],"collection":[{"href":"https:\/\/ffgleo.de\/wp\/index.php?rest_route=\/wp\/v2\/pages"}],"about":[{"href":"https:\/\/ffgleo.de\/wp\/index.php?rest_route=\/wp\/v2\/types\/page"}],"author":[{"embeddable":true,"href":"https:\/\/ffgleo.de\/wp\/index.php?rest_route=\/wp\/v2\/users\/9"}],"replies":[{"embeddable":true,"href":"https:\/\/ffgleo.de\/wp\/index.php?rest_route=%2Fwp%2Fv2%2Fcomments&post=5125"}],"version-history":[{"count":11,"href":"https:\/\/ffgleo.de\/wp\/index.php?rest_route=\/wp\/v2\/pages\/5125\/revisions"}],"predecessor-version":[{"id":9693,"href":"https:\/\/ffgleo.de\/wp\/index.php?rest_route=\/wp\/v2\/pages\/5125\/revisions\/9693"}],"up":[{"embeddable":true,"href":"https:\/\/ffgleo.de\/wp\/index.php?rest_route=\/wp\/v2\/pages\/1008"}],"wp:attachment":[{"href":"https:\/\/ffgleo.de\/wp\/index.php?rest_route=%2Fwp%2Fv2%2Fmedia&parent=5125"}],"curies":[{"name":"wp","href":"https:\/\/api.w.org\/{rel}","templated":true}]}}

<div class="wp-block-image is-resized">
<figure class="alignright size-large"><img loading="lazy" decoding="async" width="1024" height="578" src="https://ffgleo.de/wp/wp-content/uploads/2024/09/2024_SLZ_03-1024x578.jpg" alt="" class="wp-image-9638" srcset="https://ffgleo.de/wp/wp-content/uploads/2024/09/2024_SLZ_03-1024x578.jpg 1024w, https://ffgleo.de/wp/wp-content/uploads/2024/09/2024_SLZ_03-300x169.jpg 300w, https://ffgleo.de/wp/wp-content/uploads/2024/09/2024_SLZ_03-768x433.jpg 768w, https://ffgleo.de/wp/wp-content/uploads/2024/09/2024_SLZ_03-1536x866.jpg 1536w, https://ffgleo.de/wp/wp-content/uploads/2024/09/2024_SLZ_03-2048x1155.jpg 2048w, https://ffgleo.de/wp/wp-content/uploads/2024/09/2024_SLZ_03-319x180.jpg 319w" sizes="auto, (max-width: 1024px) 100vw, 1024px" /></figure></div>

<p><u>Öffnungszeiten:</u></p>
<p>montags-freitags: 7:30 Uhr &#8211; 12:50 Uhr und 13:10 Uhr &#8211; 15:30 Uhr</p>
<p>dienstags nur: 7:30 Uhr &#8211; 12:50 Uhr</p>
<p>Das <strong>SELBSTLERNZENTRUM (SLZ)</strong> der FFG befindet sich im Keller im &#8222;Fünfer-Trakt&#8220;. Die für alle Schülerinnen und Schüler ganztägig zugängliche Bibliothek umfasst derzeit ca. 3600 Bücher, dazu Tageszeitungen, aktuelle Zeitschriften, audiovisuelle Medien, Lern- und Übungssoftware und eine umfangreiche Spielesammlung.</p>
<p>Im Raum des SLZ ist von montags bis freitags 2. -6. Std (8:20 Uhr-12:50 Uhr) auch der soziale <strong>TRAININGSRAUM (TR)</strong> unserer Schule untergebracht. (-&gt;Trainingsraum)</p>
<p>In der Mittagspause (13:10 Uhr &#8211; 13:55 Uhr) ist das SLZ als Arbeits-, Spiel- und Pausenraum für alle Schülerinnen und Schüler geöffnet. Hier ergibt sich auch die Möglichkeit zum Partnerlernen und zur Schülernachhilfe <em>Schüler helfen Schülern </em>(-&gt; SV).</p>
<p>Montags, donnerstags und freitags  von 14:00 Uhr &#8211; 15:30 Uhr findet im SLZ die <strong><em>Betreute Lernzeit </em></strong>statt, mittwochs die <strong><em>AG Selbständiges Lernen</em></strong> für die <em>fünften Klassen</em>.</p>
<p>Darüber hinaus wird das SLZ für Klassen-/Kurs- und Förderunterricht regelmäßig genutzt, ebenso für außerunterrichtliche Veranstaltungen wie Lesenachmittage, Vorträge, Fortbildungen.</p>
<p><strong>Das SLZ teilt sich räumlich in drei Bereiche:</strong></p>
<p>Im Eingangsbereich mit Arbeitstischen für Freiarbeit, Gruppen- und Förderunterricht sowie individuelles Lernen stehen auch die Zeitungstische mit aktuellen Tageszeitungen und der Zeitschriftensammlung. Hier befindet sich die Info-Wand mit Hinweisen auf aktuelle schulische und außerschulische kulturelle Veranstaltungen der Region.</p>
<p>Im Bibliotheksraum stehen 8 PC-Einheiten mit Arbeitstischen zur Verfügung. Daneben befindet sich ein Besprechungsraum für Trainingsraumgespräche und in der Mitte ein allgemeiner Arbeitsbereich für Schülerinnen und Schüler.</p>
<p>Die Fach- und Schülerbibliothek mit Leseecken, thematischem Büchertisch und Spieleregal bildet den Abschluss. Das SLZ ist barrierefrei mit einer Rampe ausgestattet.</p>
<p><strong>FACH- UND SCHÜLERBIBLIOTHEK</strong></p>
<p>Die FACHBIBLIOTHEK (ca. 1800 Bände) ist alphabetisch nach Fachbereichen (Schulfächern) aufgebaut und enthält neben Fach- und Schulbuchsammlung ausleihbare Übungsmaterialien und weiterführende Literatur zu den folgenden Fachbereichen:</p>
<ul>
<li>Allgemeine Nachschlagewerke</li>
<li>Biologie</li>
<li>Chemie</li>
<li>Deutsch</li>
<li>Deutsch als Fremdsprache</li>
<li>LRS-Materialien</li>
<li>Englisch</li>
<li>Französisch</li>
<li>Gesellschaftslehre (Geographie)</li>
<li>Geschichte</li>
<li>Hauswirtschaft</li>
<li>Informatik</li>
<li>Kunst</li>
<li>Lateinisch</li>
<li>Mathematik</li>
<li>Musik, Darstellen und Gestalten</li>
<li>Pädagogik/Psychologie</li>
<li>Philosophie</li>
<li>Physik</li>
<li>Rechtskunde</li>
<li>Religionslehre</li>
<li>Sozialwissenschaften</li>
<li>Spanisch</li>
<li>Sport</li>
<li>Technik</li>
<li>Wirtschaftlehre</li>
<li>Studien- und Berufsberatung</li>
</ul>
<p>Die SCHÜLERBIBLIOTHEK enthält ca. 1800 Kinder- und Jugendbücher aus den Bereichen Sachbuch, Biographie, Belletristik.</p>
<p><strong>(3) AUSLEIHSYSTEM</strong></p>
<p>Die Bücher und Medien der Fach- und Schülerbibliothek sind überwiegend ausleihbar und können bis zu drei Monaten verlängert werden. Für Minifacharbeit und Facharbeit sowie Klassen-, Kurs-, Schulprojekte sind besondere Ausleihkonditionen vorgesehen. Bei Beschädigung oder Verlust von ausgeliehenen Medien ist der jeweilige Nutzer zum Ersatz bzw. zur Erstattung eines Grundbetrages für das zu ersetzende Medium verpflichtet.</p>
<p><strong>(4) BÜCHERTISCH &#8211; PROJEKTTISCHE &#8211; LESENACHMITTAGE</strong></p>
<p>Seit einem Jahr haben wir im SLZ den monatlich wechselnden BÜCHERTISCH mit thematischem Bezug zu Jahreszeit, Jahrgangs- oder Schulthemen, wie z. B. EUROPA.</p>
<p>Darüber hinaus bieten wir Projektmaterialien zu allen in der FFG stattfindenden Schulprojekten und auf Wunsch auch individuellen Klassen-/Kursprojekten an.</p>
<p>Für Lesenachmittage oder -abende oder sonstige Aktionen bietet das SLZ gleichfalls Spielraum, ganz besonders im Zusammenhang mit Jahrgangsprojekten (Kinder einer Welt, Klasse 5; Afrika-Projekt;  Lesewettbewerb).</p>
<p><strong> (6) INFORMATIONSBEREICH</strong></p>
<p>Es stehen derzeit 8 PC-Einheiten und ein Drucker für Kurs-, Klassen, Förderunterricht sowie zur individuellen Recherche und selbständigem Lernen zur Verfügung. Schülerinnen und Schüler der Oberstufe können das SLZ/die Rechner ganztägig zur selbständigen Recherche etc. nutzen.</p>


<figure class="wp-block-gallery has-nested-images columns-default is-cropped wp-block-gallery-1 is-layout-flex wp-block-gallery-is-layout-flex"></figure>



<figure class="wp-block-gallery has-nested-images columns-default is-cropped wp-block-gallery-2 is-layout-flex wp-block-gallery-is-layout-flex">
<figure class="wp-block-image size-large"><a href="https://ffgleo.de/wp/wp-content/uploads/2024/09/2024_SLZ_02-scaled.jpg"><img loading="lazy" decoding="async" width="1024" height="594" data-id="9637" src="https://ffgleo.de/wp/wp-content/uploads/2024/09/2024_SLZ_02-1024x594.jpg" alt="" class="wp-image-9637" srcset="https://ffgleo.de/wp/wp-content/uploads/2024/09/2024_SLZ_02-1024x594.jpg 1024w, https://ffgleo.de/wp/wp-content/uploads/2024/09/2024_SLZ_02-300x174.jpg 300w, https://ffgleo.de/wp/wp-content/uploads/2024/09/2024_SLZ_02-768x446.jpg 768w, https://ffgleo.de/wp/wp-content/uploads/2024/09/2024_SLZ_02-1536x891.jpg 1536w, https://ffgleo.de/wp/wp-content/uploads/2024/09/2024_SLZ_02-2048x1188.jpg 2048w, https://ffgleo.de/wp/wp-content/uploads/2024/09/2024_SLZ_02-310x180.jpg 310w" sizes="auto, (max-width: 1024px) 100vw, 1024px" /></a></figure>



<figure class="wp-block-image size-large"><a href="https://ffgleo.de/wp/wp-content/uploads/2024/09/2024_SLZ_03-scaled.jpg"><img loading="lazy" decoding="async" width="1024" height="578" data-id="9638" src="https://ffgleo.de/wp/wp-content/uploads/2024/09/2024_SLZ_03-1024x578.jpg" alt="" class="wp-image-9638" srcset="https://ffgleo.de/wp/wp-content/uploads/2024/09/2024_SLZ_03-1024x578.jpg 1024w, https://ffgleo.de/wp/wp-content/uploads/2024/09/2024_SLZ_03-300x169.jpg 300w, https://ffgleo.de/wp/wp-content/uploads/2024/09/2024_SLZ_03-768x433.jpg 768w, https://ffgleo.de/wp/wp-content/uploads/2024/09/2024_SLZ_03-1536x866.jpg 1536w, https://ffgleo.de/wp/wp-content/uploads/2024/09/2024_SLZ_03-2048x1155.jpg 2048w, https://ffgleo.de/wp/wp-content/uploads/2024/09/2024_SLZ_03-319x180.jpg 319w" sizes="auto, (max-width: 1024px) 100vw, 1024px" /></a></figure>



<figure class="wp-block-image size-large"><a href="https://ffgleo.de/wp/wp-content/uploads/2024/09/2024_SLZ_01-scaled.jpg"><img loading="lazy" decoding="async" width="1024" height="576" data-id="9636" src="https://ffgleo.de/wp/wp-content/uploads/2024/09/2024_SLZ_01-1024x576.jpg" alt="" class="wp-image-9636" srcset="https://ffgleo.de/wp/wp-content/uploads/2024/09/2024_SLZ_01-1024x576.jpg 1024w, https://ffgleo.de/wp/wp-content/uploads/2024/09/2024_SLZ_01-300x169.jpg 300w, https://ffgleo.de/wp/wp-content/uploads/2024/09/2024_SLZ_01-768x432.jpg 768w, https://ffgleo.de/wp/wp-content/uploads/2024/09/2024_SLZ_01-1536x864.jpg 1536w, https://ffgleo.de/wp/wp-content/uploads/2024/09/2024_SLZ_01-2048x1152.jpg 2048w, https://ffgleo.de/wp/wp-content/uploads/2024/09/2024_SLZ_01-320x180.jpg 320w" sizes="auto, (max-width: 1024px) 100vw, 1024px" /></a></figure>
</figure>

<p>Öffnungszeiten: montags-freitags: 7:30 Uhr &#8211; 12:50 Uhr und 13:10 Uhr &#8211; 15:30 Uhr dienstags nur: 7:30 Uhr &#8211; 12:50 Uhr Das SELBSTLERNZENTRUM (SLZ) der FFG befindet sich im Keller im &#8222;Fünfer-Trakt&#8220;. Die für alle Schülerinnen und Schüler ganztägig zugängliche Bibliothek umfasst derzeit ca. 3600 Bücher, dazu Tageszeitungen, aktuelle Zeitschriften, audiovisuelle &hellip;</p>
